i be -7 + 10 - (-1 - -24). Let z = i - -14. Let f = 24 + z. What is the tens digit of f?
1
Let o(m) = -m**2 + 16*m + 2. Let a be o(14). Suppose -g = -a - 0. What is the units digit of g?
0
Let z = -39 - -127. What is the units digit of z - 8*4/(-8)?
2
Let x(n) = -28*n**3 + 3*n**2 + 3*n + 1. Let m be (25/(-10) - -2)*2. What is the units digit of x(m)?
9
Let f(o) = 0 - 2 + 3 - o**2 + o + 3*o**3. Suppose -2*z = b - 2, 6*b - 3*b - 6 = 3*z. What is the tens digit of f(b)?
2
Suppose 3*b - 2*b - 7 = 0. What is the tens digit of ((-92)/(-10))/(b/35)?
4
Suppose -217*p = -215*p - 3268. What is the tens digit of p?
3
Let v(y) = -3*y + 4 + 2*y - 8. Let m be v(-9). Suppose -7 + m = -k. What is the units digit of k?
2
Let p(a) = -a**3 + 5*a**2 - 3*a - 2. Let q be p(4). Suppose -55 = -3*l - 4*o, -3 + q = -o. What is the tens digit of l?
1
Let u(d) = 14*d + 140. What is the tens digit of u(-6)?
5
Let q be 1 + -1 + 3 + 1. Let n be 1 + 6/(-2) + q. Suppose 0 = n*w + 4*l - 12, -l = -4*w - 14 + 47. What is the units digit of w?
8
Let h = 12 + -7. Suppose h*w + 72 = 4*m - 22, -5*m = 4*w - 138. What is the tens digit of 4*(-4)/(-8) + m?
2
Suppose 4*a - 60 = 20. Suppose -v = 2*q + 22, -a = -5*q - 4*v - 72. What is the units digit of (q/10)/(8/(-180))?
7
Let r(s) = s**2 + 10*s + 7. Let g(n) = -1. Let j(w) = g(w) - r(w). Let x be j(-8). Let v = x - 1. What is the units digit of v?
7
Let y(j) = j**3 + 8*j**2 + 7*j - 12. Let a(c) = 3*c + 15. Let x be a(-7). Let s be y(x). Let t = s + -4. What is the tens digit of t?
1
What is the units digit of (-40)/24 - -2 - 3344/(-12)?
9
Let w be (-3)/((-9)/42*2). Let s(x) = 9 + 4 + 7*x - x**2 - 3. What is the units digit of s(w)?
0
Suppose 5*p - 31 = -11. Suppose -3*t = -2*s + 220, -8*t = -s - p*t + 100. What is the units digit of s?
6
Let k(o) be the first derivative of o**2/2 + 9*o - 3. Let v be k(-9). Let z = v - -7. What is the units digit of z?
7
Suppose 13 = -2*s - 11. Let p(m) = m**3 + 11*m**2 - 11*m + 7. Let d be p(s). What is the units digit of -2 - d*(0 - -13)?
3
Let y(p) = p**2 + p + 3. Let d be y(0). Let x = d - -17. What is the tens digit of (4 - 128/x)*-25?
6
Let x(c) = -c**3 + 43*c**2 - 27*c - 125. What is the hundreds digit of x(42)?
5
Let x(h) = -2*h - 25. Let a be (-84)/5 + (1 - 42/35). What is the units digit of x(a)?
9
Suppose -27216 + 6852 = -12*w. What is the units digit of w?
7
Let b(q) = 2*q**3 + 10*q**2 - 4*q - 9. Let f(t) = -3*t**3 - 20*t**2 + 8*t + 17. Let v(x) = -5*b(x) - 3*f(x). What is the tens digit of v(5)?
9
Let q(s) = s**3 + 2*s**2 - 6*s + 9. Let j(y) = y**3 - 6*y**2 - 2*y + 17. Let r be j(6). What is the units digit of q(r)?
4
What is the hundreds digit of (2*-111 + -1)*-2?
4
Let u(i) = 80 + i**2 + 81 - i - 178 - 3*i. What is the units digit of u(-7)?
0
Let h(s) = s. Let d(o) = o**2 + 8*o - 34. Let q(z) = d(z) - h(z). What is the units digit of q(-11)?
0
Suppose -10179 = -65*d + 197756. What is the hundreds digit of d?
1
Let t = 17 + -11. Suppose -8*r = -22*r + 56. Suppose -t*k = -r*k - 38. What is the tens digit of k?
1
Suppose -7*w + 2*w - 3 = 3*v, -4*w = 2*v. Let m = 0 - v. Suppose 5*h - m*h + 15 = 0. What is the tens digit of h?
1
Let x(y) = 8 - 4 - 6*y - 8 - 9*y. What is the units digit of x(-4)?
6
Suppose u = -2*w - 52, 5*u - 63 - 55 = 4*w. Let i = w - -67. What is the units digit of i?
0
Suppose 0 = -3*d - 80*d + 130227. What is the tens digit of d?
6
Let z = 23 - 15. Suppose 9*a = z*a. What is the units digit of a - (-1)/(2/2)?
1
Let c(x) = 13*x**2 + 10*x + 100. What is the tens digit of c(-6)?
0
Let q(p) = 4*p**3 - p**2 - 2*p - 1. Suppose 6*y - 8 = y - l, -6 = y + 4*l. Let a be q(y). Suppose 2*t - 71 = -a. What is the units digit of t?
4
Let v = 1875 - 1573. What is the units digit of v?
2
Let o be (-112)/(-3)*9/(-4). What is the tens digit of ((-1029)/o)/((-2)/(-24))?
4
Let q(b) = b**3 - 8*b**2 - 14*b + 10. Suppose 1 = w + 2*k - 17, 0 = 2*w + k - 24. What is the units digit of q(w)?
0
Let h(t) = t**3 - 5*t**2 + 5*t - 4. Let d be h(4). Suppose 0 = i, -i + 526 = 2*l - d*l. What is the tens digit of l?
6
Suppose 362 + 298 = 10*u. Let q = 386 - u. What is the units digit of q?
0
Suppose -18*v = -2893 - 5243. What is the tens digit of v?
5
Let i(n) = -n**2 + 14*n + 12. Let w be i(13). Let p = -22 + w. Suppose -p*v = 2*g - 40, -2*v + 8 = -0. What is the tens digit of g?
1
Let j = 111 + -68. What is the units digit of j - ((-3)/1 - -1)?
5
Let i(x) = -x**3 - 18*x**2 + 40. What is the hundreds digit of i(-19)?
4
Let r = -3061 - -4919. What is the thousands digit of r?
1
Suppose v + 3*v = 5*l + 155, -4*v + 163 = 3*l. Suppose -3*q + 4*x + 258 = -v, -4*q + 412 = 2*x. What is the hundreds digit of q?
1
Let l(w) = -2*w**3 - 10*w**2 - 37*w + 37. What is the units digit of l(-8)?
7
Suppose -26*b + 45241 = -3*b. What is the thousands digit of b?
1
Let w = 116 - -221. What is the units digit of w?
7
Suppose 0 = 1451*m - 1457*m + 1428. What is the units digit of m?
8
Let g(y) = -4*y**2 + 64*y + 19. What is the units digit of g(15)?
9
Suppose 5*y + 3*n + 0*n + 7 = 0, -2*n - 10 = -2*y. Let u be (564/36)/(y/(-6)). Let d = 131 + u. What is the tens digit of d?
3
What is the tens digit of -1382*(-2)/6 - 32/(-24)?
6
Let g(j) = 28*j + 16. Let s be g(8). Suppose s = 7*w - w. What is the units digit of w?
0
Let x = -234 - -358. Let d = -44 + x. What is the units digit of d?
0
What is the hundreds digit of (-12)/(-12) + (-4)/(-1) + 671?
6
Suppose -22*j = 2*j - 26016. What is the thousands digit of j?
1
Let a be (5 - -1) + 1800/(-8). Suppose 6*h = 3*h - 9, 0 = t - 3*h + 17. What is the units digit of t/(-169) - a/13?
7
Let d(t) = -t**3 + 3*t**2 - 2*t. Let r be d(-9). Let g be 2/5 - r/(-25). Suppose 0*y - w - 15 = -4*y, -4*w = 4*y - g. What is the units digit of y?
5
Let p(k) = 8*k - 16. Let n be 3 + 2/((-8)/(-28)). What is the units digit of p(n)?
4
Suppose -5*p + 303 = -0*p + 3*z, -240 = -4*p - 3*z. Let q be p/12 + (-2)/8. Suppose 18 = q*r - 137. What is the units digit of r?
1
What is the units digit of 5 - ((-20)/5 + -662)?
1
Let y be (-32)/(-160) + 644/5. Let b = 227 + -136. Let x = y - b. What is the units digit of x?
8
Let n = 7 - 17. Let l be n/(-15) + 62/6. What is the units digit of -5*(3 + l/(-1))?
0
Let n = 855 - 308. What is the hundreds digit of n?
5
Let r(v) = -13*v - 1. Let t be r(-1). Suppose 4*a = -0*a + t. Suppose a*h = 4*k - 160, -k + 27 = -5*h + h. What is the tens digit of k?
4
Suppose -82*v = -87*v + 2360. What is the hundreds digit of v?
4
What is the hundreds digit of 6 - 11 - (0 - 4 - 2331)?
3
Let h = -41 + 26. Let i = h + 89. What is the units digit of i?
4
Suppose 0 = 5*d - 184 - 381. Suppose -5*c = -d - 137. What is the units digit of c?
0
Suppose -139*x + 126580 = -119*x. What is the tens digit of x?
2
Suppose 0 = 17*t - 6609 - 14471. Suppose o = -c + 4*o + 317, t = 4*c + 2*o. What is the units digit of c?
1
Suppose 924 = -t + 8*t. Suppose -4*f + 4*z = -7*f + 86, 4*f + z - t = 0. What is the tens digit of f?
3
Suppose v + 42 = 29. What is the units digit of (-80)/(-6)*(-7 - v)?
0
Let z = 0 - -5. Let w = z - -6. Suppose -2*u + w = -2*i - 1, -2*i + 3 = 3*u. What is the units digit of u?
3
Let b = 7 - 21. Let i = b + 14. Suppose -4*m + 21 + 31 = i. What is the units digit of m?
3
Let k(r) be the third derivative of -r**6/120 - r**5/60 + 3*r**4/8 + 3*r**3 + 24*r**2. What is the hundreds digit of k(-6)?
1
Suppose 7*s - 48 = -13. Suppose 0 = -s*t + 531 + 364. What is the hundreds digit of t?
1
Suppose 0 = 2*j - 3*f - 129, -6*j + j - 4*f + 380 = 0. Suppose -2*b + 0*b + 5*d + j = 0, b + 4*d - 23 = 0. What is the tens digit of b?
3
What is the units digit of (-1 + 298/(-8))/(36/(-768))?
6
Let k = 6 - 4. Suppose -5*q - 3*m = -118, m = k*q - m - 60. Suppose o - q = -o. What is the units digit of o?
3
Let a(m) = m**3 + 10*m**2 + 4. Let r be a(-10). Suppose -3*j - 2*g + 34 = 0, 0*j = 4*j - r*g - 52. What is the units digit of j?
2
Let h(c) be the first derivative of 61*c**2/2 - 6*c + 5. Let k be h(6). What is the units digit of (-3)/(-4) - k/(-32)?
2
Let o(q) = q**3 - 5*q**2 - 5*q + 5. Let c be o(6). Let i = 13 - c. Suppose 3*j - 53 = i*w, -5*j + 101 = 4*w - w. What is the tens digit of j?
1
Suppose -3*w - 3*z = -235 - 113, 3*z = -w + 118. What is the tens digit of 69/w + (-197)/(-5)?
4
Let n(p) = 